 Suppose 1211 = h*c - 5*u, -4*c - u + 131 = -1062. Suppose -k = 4*b - c, k = -3*b - 4*k + 203. List the prime factors of b.
2, 19
Let p be (-8 + 3)/((-2)/4). Suppose 6*a + p*a - 4608 = 0. List the prime factors of a.
2, 3
Suppose 2*r - 6522 = -4*y, -2*r = -3*y + 6*y - 6522. What are the prime factors of r?
3, 1087
Let l(a) = 2*a**3 - a**2 - a - 6. Suppose -4*o - d + 16 = o, -4*d = o - 7. What are the prime factors of l(o)?
2, 3
Let d(t) = -7*t - 1. Let l be d(-4). What are the prime factors of (-6)/l + (-114)/(-27)?
2
Let b = 5816 + -2944. What are the prime factors of b?
2, 359
Suppose 4*z + z - 25 = 0. Suppose -z*b - 38 = -2*b + 2*n, 24 = -b + 5*n. Let s = b - -28. What are the prime factors of s?
2, 7
Let d(m) = 147*m**3 + m - 2. Let w be (3/(-18))/(1/(-6)). List the prime factors of d(w).
2, 73
Let u = -434 - -263. Let t = u - -261. List the prime factors of t.
2, 3, 5
Suppose -8*t + 2640 = 5*l - 3*t, t + 3 = 0. List the prime factors of l.
3, 59
What are the prime factors of (-30)/(-8)*(-384)/(-36)?
2, 5
Let f(r) = -58*r - 23. What are the prime factors of f(-4)?
11, 19
Let q(g) = -22*g - 12. Let y be q(-4). Suppose -284 = -4*w - y. List the prime factors of w.
2, 13
Let o be (7/(-14))/((-2)/(-4)). Let w be (5 - o)/(2 - 0). Suppose 0 = -5*h, -w*p + 0*h + h + 12 = 0. List the prime factors of p.
2
Let r(j) = -3*j**3 + 14*j**2 + j + 14. Let i be r(6). Let b = i - -130. List the prime factors of b.
2, 3
Let d be (-5 + 3 - -2)/1. Suppose d = -4*i + 3*i + 15. What are the prime factors of (-6)/5*(-25)/i?
2
What are the prime factors of 162/1944 + 1739/12?
5, 29
What are the prime factors of (-2)/(-5) - (8 + (-9306)/10)?
13, 71
Suppose 10*n + 13075 = 4*v + 9*n, 2*v - 5*n = 6533. List the prime factors of v.
7, 467
Suppose -f + 512 = 7*k - 2*k, -3*f + k = -1488. List the prime factors of f.
7, 71
Suppose q = 3 - 0. Suppose -w + t = -q*t - 31, -5*t = -4*w + 124. Let n = 57 - w. What are the prime factors of n?
2, 13
What are the prime factors of -3 + ((-222)/(-8))/((-111)/(-15836))?
2, 23, 43
What are the prime factors of 50 - ((-56)/(-8) - 0)?
43
Let b be 5*(-4)/((-40)/42). Let a = -17 + b. Suppose 2*c + a*i - 74 = 0, -174 = -4*c + 6*i - i. What are the prime factors of c?
41
Suppose -5*s + 221 = 2*l, 0 + 9 = -3*s. Suppose -2*j + 9 = a + 2, 2*j = -2. Suppose 3*m = 5*y + l, -5*y = -5*m + a + 171. What are the prime factors of m?
31
Suppose -3*r - 6 = 4*x - 242, x - 230 = -3*r. Suppose r = 3*h - h. What are the prime factors of h?
2, 19
Suppose -49*q - 15 = -54*q. Let s(j) = 14*j**2 + 4*j + 3. Let i be s(-2). Suppose 4*m + y - 7 = i, q*y = 4*m - 50. What are the prime factors of m?
2, 7
Let p(y) = 50*y**2 + 2. Let n be p(-3). What are the prime factors of -2 + n/6 + 4/6?
2, 37
Let s(x) = 25*x - 26. Suppose 21 + 15 = 4*t. List the prime factors of s(t).
199
Let s(j) be the second derivative of j**4/12 - j**3/6 - j**2 + 14*j. Suppose -5*z = -h + 11, h + 7 = -3*z + 2. List the prime factors of s(z).
2
Suppose 2*t = -3*t. Suppose t = 2*b - 6*b + 120. Suppose -b = -2*p + p. List the prime factors of p.
2, 3, 5
Let v(q) = q**2 + 5*q - 5. Let b = -25 - -17. What are the prime factors of v(b)?
19
Let f be 2/(-4)*-2*62. Let s be ((-120)/12)/50 + 14/(-5). List the prime factors of 4 + f*(4 + s).
2, 3, 11
Suppose m + y = 613, -1218 = -2*m - 0*m + 2*y. What are the prime factors of m?
13, 47
Suppose 0 = 5*l + 5*f - 4035, 5*l = -f - 124 + 4143. List the prime factors of l.
11, 73
Let b(q) = -7 + 2*q**3 - 2*q - 3*q**3 + 3*q**2 - q + 4*q**2. Suppose 23 = 2*n + 11. List the prime factors of b(n).
11
Suppose -4*o + 16200 = -h, -4222 = -5*o - 3*h + 16011. List the prime factors of o.
4049
Suppose 0 = 2*r + 4*r - 762. Let p = r - 81. List the prime factors of p.
2, 23
Let k be (-130)/14 - 18/(-63). Let c = 12 + k. What are the prime factors of c?
3
Let s = 2310 - 1144. List the prime factors of s.
2, 11, 53
Suppose 0 = -3*k + 4*k - 2. Let x(o) = -2*o + 5 - k*o + o. List the prime factors of x(-5).
2, 5
Let b = -462 - -4006. What are the prime factors of b?
2, 443
Suppose 5*x = 2*x + 48. List the prime factors of x.
2
Suppose -4*o - 4*f + 30 = -70, -4*f + 16 = o. Suppose -134 = -3*h - 3*q + o, -16 = 4*q. What are the prime factors of h?
2, 29
Let v(f) = -f**3 - 2*f**2 + 2*f - 3. Suppose -5*a = 3*d + 32, -d + 2*d - 4 = 2*a. What are the prime factors of v(a)?
3, 7
Let n(b) = b + 1. Let k be n(2). Suppose -y - 182 = -k*y. What are the prime factors of y?
7, 13
Let h be ((-91)/(-26))/(-1 - 55/(-54)). Let q = h - 121. What are the prime factors of q?
2, 17
Let d = -14 + 16. Let o(n) = 15*n**2 + n + 3. Let v be o(d). Let s = v + -36. What are the prime factors of s?
29
Let k(o) = 5*o + 15. Let g(h) = -1. Let a(c) = 4*g(c) - k(c). What are the prime factors of a(-11)?
2, 3
Suppose 25 = -k + 6*k. Suppose -5*j - 3*n = -530, k*j - 3*n = -2*n + 550. List the prime factors of j.
109
Suppose -23*q + 4660 = -18*q. What are the prime factors of q?
2, 233
Let j = -95 + 77. Let l(q) = -13*q + 10. What are the prime factors of l(j)?
2, 61
Let u = -34 + 14. Let q = u - -12. Let h(d) = -6*d - 1. List the prime factors of h(q).
47
Let z(j) = -5*j**2 + 1. Let l be z(-1). Let n be l/5 - (-70)/25. List the prime factors of 459/12 + n/(-8).
2, 19
Let n = 40 + -11. Suppose -161 - n = -5*j. Let p = -10 + j. What are the prime factors of p?
2, 7
Let x(w) be the second derivative of -w**4/12 + w**3/6 - 4*w. Let t be x(-1). List the prime factors of t/(-4)*(71 + 9).
2, 5
Suppose 0 = -10*g + 14*g. Suppose 5*b - 3*m - 545 = g, -2*b + 341 = 5*m + 92. What are the prime factors of b?
2, 7
Let m(i) = 4*i - 12. Let x be m(5). Let v be (-1 - 0)/((-3)/(-27)). List the prime factors of 50/x + v/36.
2, 3
Let r be (-5 - -1)/((-12)/30). Let b = 28 - r. Suppose -7*t + 6*t = -b. What are the prime factors of t?
2, 3
Suppose -1 - 11 = -4*y. Let o be y/(-2) + 1892/8. Suppose -q + o = 4*q. List the prime factors of q.
47
Let i be 45/18 - (1 + -3)/(-4). Suppose l - i*l + 104 = 2*j, -2*j + 94 = -4*l. List the prime factors of j.
3, 17
Suppose 0 = 2*v + 3*v - 1375. List the prime factors of (6/5)/(33/v).
2, 5
Let r = 1949 + -3578. What are the prime factors of r/6*6/(-9)?
181
Let q(m) = 179*m**2 - 2*m - 8. List the prime factors of q(3).
1597
Suppose 4*o = 2*z + 2844, 0 = o + 3*o - 4*z - 2844. List the prime factors of o.
3, 79
Let c be 8/12*30/4. Let n(w) = -4 - c - 17*w - 1. What are the prime factors of n(-3)?
41
Suppose k + 4*s = 1211, -7*s + 3609 = 3*k - 3*s. List the prime factors of k.
11, 109
Let t = -2 + 5. Let p(s) = 2*s**3 + 2*s**2 - 2*s - 3. Let a be p(t). Suppose -3*j + w + 72 = 0, -2*w = -3*j + 2*w + a. List the prime factors of j.
5
What are the prime factors of -4 + (-6)/(18/(-6)) - -54?
2, 13
Let r(o) = 2*o - 20. Suppose 71 = 3*g - 49. Let w = g - 28. List the prime factors of r(w).
2
Suppose -u - 141 = -a + 4*u, u = 4. Let q be (-11 - a)/((-1)/2). Suppose -5*z + q = -o, -69 - 140 = -3*z - 2*o. List the prime factors of z.
3, 23
What are the prime factors of 2 + -7 + 542/1?
3, 179
What are the prime factors of (32/10)/8*75?
2, 3, 5
Suppose 98*m = 80*m + 69120. List the prime factors of m.
2, 3, 5
Suppose -2*t + 3*p + 2969 = 2*p, 6 = 2*p. List the prime factors of t.
2, 743
List the prime factors of (-313596)/(-234) + (-8)/52.
2, 5, 67
Suppose 17*k + 1315 = -861. Let i = 178 + -358. Let f = k - i. List the prime factors of f.
2, 13
Suppose -10*a - 7 = -37. Suppose i + 0*i = k + 54, 0 = a*k + 9. What are the prime factors of i?
3, 17
Suppose 9*m - 4*m = -4*b + 4, 0 = 4*b - 4*m + 32. List the prime factors of (124/20 - 3)*(-50)/b.
2, 5
Suppose 22*o + 904 = 7350. List the prime factors of o.
293
Suppose 0 = -w + 3*g + 23, 19 = 5*g - 1. Suppose p = 139 - w. Suppose -z - 104 = -4*o + 2*z, -4*o = z - p. List the prime factors of o.
2, 13
What are the prime factors of -3 - (-73)/(18/8 + -2)?
17
Let g = -15 + 29. Let i(k) = 4*k**2 - 14*k + 13. Let q(n) = -11*n**2 + 43*n - 38. Let m(v) = 8*i(v) + 3*q(v). What are the prime factors of m(g)?
2
Suppose -5*c + 11*l - 10*l + 2703 = 0, -4*c + 2163 = -l. List the prime factors of c.
2, 3, 5
What are the prime factors of (-12)/(-78) - 64004/(-156)*3?
1231
Let f be 0/((24/(-4))/(-2)). Suppose -o + 23 - 11 = f. List the prime factors of o.
2, 3
Let m(d) = 59*d**2